e factors of (4 + (-230)/15)/((-4)/198)?
3, 11, 17
Suppose 0 = q + q + 20. Suppose -2*b = 0, 95 = 5*p + b - 0*b. Let i = p + q. What are the prime factors of i?
3
Let l = 240 - 138. Let j = l + -17. List the prime factors of j.
5, 17
Let u = -1 + -19. Let f = u - -29. List the prime factors of f.
3
Suppose -2*h + 0*h = -j + 112, 5*h = 2*j - 228. Suppose -11*g + 7*g + j = 0. List the prime factors of g.
2, 13
Let n(p) = 32*p**2 - 2*p. Let h = 16 + -14. Let z be n(h). Let q = z + -85. What are the prime factors of q?
3, 13
What are the prime factors of 7 + -14 + (1551 - 2)?
2, 3, 257
What are the prime factors of (-464)/(-7) + ((-72)/42)/6?
2, 3, 11
Let o(x) be the first derivative of -16*x**2 - 60*x - 31. What are the prime factors of o(-6)?
2, 3, 11
Let f(q) = -2*q**3 - 22*q**2 + 2*q + 16. Let b be f(-11). What are the prime factors of 21/(-1)*32/b?
2, 7
Suppose -9*z + 6195 - 1974 = 0. List the prime factors of z.
7, 67
Let x = 246 - 47. What are the prime factors of x?
199
Suppose -d + 5*i + 15 = 4*d, 5*d - 24 = -4*i. Suppose 2*w - 6*w = 8, 2*g - d*w - 12 = 0. List the prime factors of (g/1)/4*50.
5
Suppose 5*m - 7 - 8 = 0. Suppose -3*p - 2 = 4, m*h - 166 = 5*p. Suppose 3*x - h = -19. List the prime factors of x.
11
Suppose 0 = -c - 2 + 4. Suppose 0 = 2*a + s, -c*a + 4*s + 0 = -20. What are the prime factors of (161/14)/(a/4)?
23
Suppose -10*u = 5*u - 6645. List the prime factors of u.
443
Let d = -3909 + 6108. List the prime factors of d.
3, 733
Let t = -2767 - -5279. List the prime factors of t.
2, 157
Suppose -4*n + 112 + 96 = 2*f, -565 = -5*f - n. List the prime factors of f.
2, 3, 19
Let i = -18 + 33. Suppose -3*k = 2*k - i. Suppose -4*x - 5*m = -27, x - k*x = -4*m + 6. List the prime factors of x.
3
Let z(m) = m**3 + 12*m**2 - 16*m - 19. Let y be z(-14). Let j = y + 316. List the prime factors of j.
3, 43
Suppose -5*h - 8*w = -3*w - 525, -4*w + 120 = h. Suppose 13*a - h = 9*a. Suppose -a + 169 = 4*j. List the prime factors of j.
2, 3
Suppose p = 793 - 21. List the prime factors of p.
2, 193
Let a be (3/12)/((-3)/(-36)). Suppose 0 = -a*f + 9, 155 = 3*s - 4*f + 11. Suppose 3*p - p = s. What are the prime factors of p?
2, 13
Suppose 11781 = 25*u - 16*u. What are the prime factors of u?
7, 11, 17
Suppose 4*q + 20 + 108 = 0. Suppose 84 = -3*m - 3*p, 3*p - 8 = 3*m + 52. List the prime factors of (18/4)/(m/q).
2, 3
Let f be 1/3*(10 + -1). Suppose f = j - 2. Suppose -j*m + 90 = -2*m. List the prime factors of m.
2, 3, 5
List the prime factors of (-22930)/(-12) + 0 + 489/2934.
3, 7, 13
Let k be 1/(((-1)/(-5))/((-42)/(-10))). Suppose 18*h = 11*h + k. What are the prime factors of h?
3
Let y be (-1 - -4)/(-1 + 12/8). Let h = y + 132. List the prime factors of h.
2, 3, 23
List the prime factors of (8 + (-198)/27)*1557.
2, 3, 173
Suppose 2*f - 7*f = 3*p + 8, 0 = 5*p - 4*f - 36. Let d be (-774)/(-14) - p/14. Suppose -3*j + 8*j - d = 0. What are the prime factors of j?
11
Let i(o) = o**2 + 6*o + 5. Let x be i(-5). Let w be 0 + -18*(-1 - x). Let h = 38 - w. List the prime factors of h.
2, 5
Let n(u) be the second derivative of -u**5/5 + u**4/12 - u**2/2 - 7*u. Let i be n(1). Let m(z) = z**2 - 5*z - 8. What are the prime factors of m(i)?
2, 7
Let m = 12 + -50. Let d be m - (4 + -2 - 1). Let t = d - -57. What are the prime factors of t?
2, 3
Let p(q) = 57*q + 126. List the prime factors of p(21).
3, 7
Suppose 1810 = 6*c - c. List the prime factors of c.
2, 181
Suppose 50*r - 31*r = 38133. What are the prime factors of r?
3, 223
Let o(l) = l**2 - l - 4. Let u be o(3). Suppose -u*j = -j. Suppose j = 5*q - 0*q - 115. What are the prime factors of q?
23
Suppose -i = 2*i - 285. Suppose -3*j = -3*n - 60, -4*j + 0*j + i = -n. Suppose 4*t = 5*t - j. List the prime factors of t.
5
Suppose b + 36 = 5*b. List the prime factors of b/18 - (-106)/4.
3
Suppose 3*d = -4*t + 8162, -3*d + 2792 = 2*t - 1292. What are the prime factors of t?
2039
Let a be (-1 - -6)*6/15. Let w(j) = -4*j - 2. Let m be w(a). List the prime factors of (108/m)/((-21)/70).
2, 3
Let q be (-11)/9 - -1 - 116/(-36). List the prime factors of 4 + (q/(-3) - -131).
2, 67
Suppose 5*q = 4*s + 35, 0*s + 3*s = 0. Let k(t) = t**3 - 6*t**2 - t - 4. Let h be k(q). Suppose -2*j + 4*j - h = 0. What are the prime factors of j?
19
Let o = -596 + 708. What are the prime factors of o?
2, 7
Suppose 0 = 2*b + 164 - 1024. What are the prime factors of b?
2, 5, 43
Let b = -73 - -101. Let v = b - 20. List the prime factors of v.
2
Suppose 6 = -0*u + 2*u. Suppose -h = -5*b + 194, -6*b + 178 = -b + u*h. Let z = 56 - b. List the prime factors of z.
2, 3
Let h(r) = -54*r + 59. What are the prime factors of h(-5)?
7, 47
Suppose -4*z + 16481 = -3*s, -4*s + 7*s - 4124 = -z. What are the prime factors of z?
13, 317
What are the prime factors of 4/(5/(-1030)*-2)?
2, 103
List the prime factors of (-1)/(-4) + 0 + 12615/20.
631
Suppose -3*s - 1105 = 4*m - 5*m, -2*m + 4*s + 2210 = 0. What are the prime factors of m?
5, 13, 17
Let p = 16 - 14. Suppose 3*g = 2*g + p. Suppose -16 = -2*f - g*f. What are the prime factors of f?
2
Let d be (-34)/(-10) - (-8)/(-20). Let p be d + (-1)/(-1)*1. Suppose -p*b + 9*b - 35 = 0. What are the prime factors of b?
7
Let z(a) = -a**3 + 13*a**2 + 15*a - 4. Let c be z(14). Suppose g - c = 11. Let j = g - 8. List the prime factors of j.
13
Let w = 560 + -53. List the prime factors of w.
3, 13
Let c = 1407 - -906. What are the prime factors of c?
3, 257
Let g(f) = 86*f - 130. List the prime factors of g(6).
2, 193
Let t = -6 - -13. What are the prime factors of (1 - -2 - 45)*(-6)/t?
2, 3
Let q(t) = -47*t - 3. Let h(g) = 95*g + 5. Let c(n) = -4*h(n) - 9*q(n). What are the prime factors of c(3)?
2, 17
Let h be -3 - (54/2)/3. Let v = -1 - h. Suppose -5*d + v = 2*l, -3*l + 2 + 17 = 5*d. What are the prime factors of l?
2
Suppose 0 = -2*r - 3*i + 13, 4*r + 3*i - 24 = -i. Suppose 66 = a - r*m, 3*m - 2*m - 304 = -5*a. List the prime factors of a.
61
Let h(g) = 2*g**3 - 2*g**2 - g. Let y be h(2). Suppose y*f = f. Suppose 4*r - 2*v - 84 = f, -5*r + 3*v = v - 107. List the prime factors of r.
23
Suppose -p = -4 - 1. Suppose -p*w - 4*k = -k - 391, -4*w + 329 = -3*k. What are the prime factors of w?
2, 5
Let j be (3 - 1) + 7 + -8. Let y be 0/((-2)/(0 - j)). Suppose 10*x - 11*x + 14 = y. List the prime factors of x.
2, 7
Let g(i) = 37*i - 251. What are the prime factors of g(16)?
11, 31
Let o(t) = -79*t - 108. List the prime factors of o(-12).
2, 3, 5, 7
Suppose 94*f - 76*f - 13248 = 0. List the prime factors of f.
2, 23
Suppose 0 = h - 0*h + 1. What are the prime factors of (h - 84/(-3))*1?
3
Suppose -3*q = -5*f - 2244, q = -2*f - 4*q - 910. Let v = f - -739. List the prime factors of v.
17
Let o = 715 + -393. Let z = o - 193. What are the prime factors of z?
3, 43
Suppose -3*k + 6 = -3, 3*v - 978 = -5*k. What are the prime factors of v/6*(-2 + 4)?
107
Let g(u) = u**2 - 3*u. Let l be g(2). Let v = 0 + l. List the prime factors of 7 - v/(-8)*4.
2, 3
Let k = -100 - -104. Suppose -11 - 73 = -4*o + k*h, 3*h = -3. What are the prime factors of o?
2, 5
Suppose 1 + 1 = -t. Let i be 20/(-10)*(-7)/t. What are the prime factors of ((-2)/3)/(i/357)?
2, 17
Let g be (-1)/2*(1 - 1). Let h(i) = i - 30. Let d be h(g). Let a = d + 38. What are the prime factors of a?
2
List the prime factors of ((-6 - -3) + 0)*(-7004)/12.
17, 103
Let m(f) = f**2 + 10*f - 12. Let u be m(3). Suppose u*q - 30*q = -444. List the prime factors of q.
2, 37
Let n(z) = -1608*z - 477. List the prime factors of n(-3).
3, 7, 23
Suppose 5*g + 2*t + 206 = 1092, 0 = -2*t - 4. Suppose 3*v - 116 = 5*w, -4*v + g = 2*w + 3*w. List the prime factors of v.
2, 3, 7
Suppose -14*f - 40 = -10*f. List the prime factors of (-12760)/(-160) + (f/(-8) - 1).
2, 5
Let n(h) = h. Let i be n(-1). List the prime factors of 3/(-9)*(-401 + i).
2, 67
List the prime factors of 189832/183 + 1/(-3).
17, 61
Suppose 4*v - v - 5*t - 608 = 0, -3*v = -t - 616. Suppose 4*b - 86 = v. What are the prime factors of b?
73
Let j be 7 + ((-4)/2 - -4). Let y = -82 + 86. Let s = j + y. What are the prime factors of s?
13
List the prime factors of -6 + -1 - -12 - -1071.
2, 269
Suppose 4*r - 2*v = 3502, 118*v - 116*v - 4400 = -5*r. What are the prime factors of r?
2, 439
Suppose -6*i + 117 = -147. List